ctors of d.
2, 11, 17
Suppose x - 5189 = -5*z, 4*x + 2*z - 19634 = 1104. List the prime factors of x.
2, 3
Let y = 63914 - -1749. What are the prime factors of y?
13, 5051
Suppose -3*x + 226 = -3*r + 55, 5*x + 75 = -r. List the prime factors of 4/(-12) + (-515)/r*4.
2, 17
Suppose -g = -3*c + 313, 8 = -3*g + g. Suppose 0 = 5*a + 19 + 81. Let z = a + c. List the prime factors of z.
83
Suppose -c + 33487 = w + 9*c, -66854 = -2*w + 4*c. What are the prime factors of w?
29, 1153
Suppose 0 = 75*x - 79*x + 2984. Suppose x = 4*z - t, -2*z - 2*t + 554 = z. What are the prime factors of z?
2, 3, 31
Suppose 10*b - 15*b + 25275 = -5*i, -i = 5. List the prime factors of b.
2, 5, 101
Let m be (-1)/(-6) + (-1835)/30. Let x = 66 + m. Suppose -w + 316 = 4*z, -x*w = z - 0*z - 60. What are the prime factors of z?
2, 5
Let h be (-2)/(3*1/(-150)). Suppose 99*t = h*t - 1533. What are the prime factors of t?
3, 7, 73
Suppose 1614 = -5*u + 2*z, 0 = 2*u + 2*u - z + 1290. Let x = u - -702. List the prime factors of x.
2, 5, 19
Let b(q) = -q + 1. Let v be (-1)/3 - ((-3)/9 + -1). Let a(j) = 268*j**2 - 4*j + 3. Let r(h) = v*a(h) - 2*b(h). List the prime factors of r(1).
3, 89
Suppose -343 = -b - 4*f, 2*b + 38 - 712 = -5*f. Suppose t + 120 = b. What are the prime factors of t?
3, 23
Let q(d) = -4*d + 127. Let y be q(8). Suppose 89*k - y*k = -1326. List the prime factors of k.
13, 17
Let d(t) = t**2 - 9*t - 25. Let u be d(-2). What are the prime factors of (u - -469 - -1) + 1 + 0?
2, 3, 13
Let x(a) = -a**2 + a - 1. Let p(z) = -2*z**2 + 13*z + 8. Let y be p(7). Let s be x(y). What are the prime factors of (49/28 - s/(-1))*116?
3, 29
Suppose 23*f = 27*f + 43*f - 1675832. List the prime factors of f.
2, 4457
Suppose 3*p = -1 + 94. Suppose -4*n + t + 3099 = 0, -11 + p = 4*t. What are the prime factors of n?
2, 97
Suppose r + 5*x = 51574 - 4223, 4*r + 3*x = 189302. What are the prime factors of r?
79, 599
Let y(p) = p**3 + 6*p**2 - 15*p - 2. Let t be y(-6). Suppose 3*g - t = g. Suppose -3*w + 79 = u, 0 = 2*u - 3*w - 247 + g. List the prime factors of u.
2, 47
Suppose 8*h + 1682 = 10*h. Let l = h - 544. List the prime factors of l.
3, 11
Suppose -3*d - 39*d + 259140 = 0. List the prime factors of d.
2, 5, 617
Suppose 4*j = 22 - 6. Suppose -j*z - z - 77 = -3*b, 5*b = -5*z + 155. What are the prime factors of b?
29
Let q(w) = 3*w + 1. Let n be q(-2). List the prime factors of 4/(-26) + ((-6374)/(-26) - n).
2, 5
Let k(n) = n**3 - n**2 - 8*n - 2. Let t = 617 - 606. What are the prime factors of k(t)?
2, 5, 7
Let f = -228 + 230. Suppose 5*c - 3290 = -f*z + 7*z, -2*c - 2*z = -1328. What are the prime factors of c?
661
Let v(w) = 31*w**2 - 12*w - 566. What are the prime factors of v(-15)?
11, 599
Let l = -332 + 339. List the prime factors of 3824/l + (-4)/14.
2, 3, 7, 13
Let u(o) = -2*o**2 - 20*o - 20. Let i(v) = v**3 - v**2 - v + 16. Let a be i(0). Suppose -6*j - 4*p - 48 = -2*j, -2*p = -3*j - a. List the prime factors of u(j).
2, 3
Suppose -r = 1, 4*r - 460 = -2*v - 0*r. Let m = -193 + v. What are the prime factors of m?
3, 13
Let n(s) = -s**3 + 6*s**2 + 2. Let h be n(6). Let v(f) be the third derivative of 3*f**5/20 + 2*f**3/3 + 119*f**2. List the prime factors of v(h).
2, 5
Let m be -34*6/(-12)*9. Let w = m - 86. What are the prime factors of w?
67
Let z = 29 + 10. Let f = -1 + z. Suppose 39*d = f*d + 111. What are the prime factors of d?
3, 37
Let z(q) be the third derivative of -11*q**4/8 - 251*q**3/6 - 273*q**2. What are the prime factors of z(-40)?
1069
Suppose -4*m + 11 = v, 3*m + 2*v = 4 + 3. Let d(o) = 3*o**2 - 271*o + 88. Let c be d(90). List the prime factors of 4/(c + m) - -40.
2, 11
List the prime factors of ((-60)/(-40))/(3 + 158385/(-52796)).
2, 67, 197
Let f = -45 - -56. Let z(o) = 43*o - 43. What are the prime factors of z(f)?
2, 5, 43
Let p(f) = f**3 + f**2 - f + 26. Let v be p(0). Let g = v + -20. Suppose -2*a = g*a - 288. List the prime factors of a.
2, 3
Suppose -4*c + 613 + 3386 = q, -4 = 4*q. Suppose c = 5*z - 820. List the prime factors of z.
2, 7, 13
Let q be (-3 + (46 - -2))*25/(-15). Let o = -154 - q. Let i = o - -84. List the prime factors of i.
5
Suppose 0 = 111*j - 113*j + 14, 0 = -r - 3*j + 12331. List the prime factors of r.
2, 5, 1231
Let m(v) = 8*v**2 - 8*v - 3. Let j(p) = -p**2 - p - 1. Let u(h) = 5*j(h) - m(h). Let z be u(-2). Let b = z - -129. List the prime factors of b.
3, 23
Let i(y) = -y - 33. Let v be i(8). Let q be v/(-1*(-1 + 63/60)). Suppose -7*c = 3*c - q. List the prime factors of c.
2, 41
Let r(n) = 3*n**2 - 19*n + 12. Suppose 10 = 2*u - 16. Let x be r(u). Suppose 4*p + x = 3*j, -4*j - p - 3*p = -372. List the prime factors of j.
2, 23
Suppose 5*h - 2434 = -y - 2*y, -2*h + 984 = -4*y. Let p = h - 30. Suppose p = 3*c + 20. What are the prime factors of c?
2, 73
Let l = -14664 + 15175. List the prime factors of l.
7, 73
Let j = 203 + 290. Suppose 0 - 1 = i, -4*w + i + 9 = 0. Suppose z + 5*g = -4*z + 505, -j = -5*z - w*g. What are the prime factors of z?
97
Suppose 2*z = 117 + 1. Let a = z + -51. Suppose a*v = 7*v + 190. What are the prime factors of v?
2, 5, 19
Let r(b) = -292*b**3 - 2*b**2 + b + 2. Let v(g) = -g**3 - 20*g**2 + g + 19. Let p be v(-20). Let y be r(p). Let j = y + -205. List the prime factors of j.
2, 43
Let f(c) = c**3 - 5*c**2 + 9*c - 9. Let t be f(3). Suppose r - 204 = -3*o, t = -2*o - 4*r + 49 + 77. List the prime factors of o.
3, 23
Let o(q) be the second derivative of -q**5/20 - q**4/6 + 3*q**3/2 + 3*q**2 - 12*q. Let u be o(-4). What are the prime factors of (u + -1)/((-3)/(-279))?
3, 31
Let h(f) = -2*f**2 - 18*f - 32. Let t be h(-6). List the prime factors of 1669/t - 21/84.
3, 139
Suppose t - i - 18 = 0, -5*t + 7*t + 4*i = 18. List the prime factors of 3508/t - (-20)/150.
2, 3, 13
Suppose 30 = 2*z - 64. Let i = z + -47. Suppose i = -3*o + 7*o + h - 108, -5*o = 3*h - 128. List the prime factors of o.
2, 7
What are the prime factors of 12/16 + (-2418957)/(-36)?
2, 3, 3733
Let i(y) be the second derivative of y**5/20 + 3*y**4/2 + 25*y**3/6 - y**2/2 - 23*y. Let l be i(-17). Let c = -93 - l. List the prime factors of c.
2, 11
Let p = 7808 + -17522. What are the prime factors of (-1)/2 + p/(-12)?
809
Let f = -20 - -6. Let v(z) = z**2 + 17*z - 11. Let s be v(f). Let a = s + 148. What are the prime factors of a?
5, 19
Suppose 3*p - 160086 = 3*j - 8*j, 266699 = 5*p - 4*j. What are the prime factors of p?
7, 7621
What are the prime factors of ((-1357)/115 - -15)/((-2)/(-40))?
2
Suppose -11*i - 720 = -47*i. Suppose -3*v + i*v - 4624 = 0. What are the prime factors of v?
2, 17
Let t(m) = -63*m + 1. Let f be t(1). Let d be (-2 - (-14)/4)/(279/21948). Let g = f + d. What are the prime factors of g?
2, 7
Let b be 20/((-8 + 5)*(-2)/(-117)). Let x = -93 - b. List the prime factors of x.
3, 11
List the prime factors of 24/120*(-5)/(-3) + 47603/3.
2, 3967
Suppose 2752 = 4*t + 968. Let v(z) = -3 - 438*z + 1 - 2*z**2 + 2*z**3 + t*z. List the prime factors of v(4).
2, 3, 7
Let f(a) = -2*a**3 - 176*a**2 + 79*a + 314. List the prime factors of f(-89).
5, 73
Let n be (-48)/(-5)*795/106. Suppose 68*q - n*q = -3504. List the prime factors of q.
2, 3, 73
Suppose -25*d - 31*d + 1865152 = 8*d. What are the prime factors of d?
151, 193
Let w(p) = -3*p**2 - 48*p + 38. Let a be w(-22). Let q = a + 585. What are the prime factors of q?
227
Let w = 348 + -346. Suppose 3*m - 487 = -w*u, 16 = m - 3*u - 150. List the prime factors of m.
163
Suppose 10*c - 50 - 160 = 0. Suppose -c*i + 1769 = -1108. What are the prime factors of i?
137
Let o be ((-48)/((-6)/(-1)))/(-2). What are the prime factors of (-237)/(-6)*o + 4/1?
2, 3
Let x = -8311 - -12692. List the prime factors of x.
13, 337
Let o be -67891 + 8 + -15 + -2. List the prime factors of 6/(-39) + o/(-91) + 8.
2, 13, 29
Suppose 33*w + 31*w = 305664. What are the prime factors of w?
2, 3, 199
Suppose -2*x - 2*z = -8, -2*x + 2*z + 2 = -2*z. Let d(h) = 12*h**3 + 4*h**2 - 7*h + 2. List the prime factors of d(x).
11, 31
Let w be 4/(7/(189/(-2))). Let v = -46 - w. What are the prime factors of 8/(-32) - (3750/v)/(-3)?
2, 3, 13
Let j(s) = 5*s**2 + 22*s - 54. Let w(f) = 2*f**2 + 7*f - 18. Let l(m) = -3*j(m) + 8*w(m). Let t = -2 + 10. List the prime factors of l(t).
2
Suppose 8*i - 3*i + 4*g = 46, -i + 18 